 (-6 - 0)) + (-26 - -48)
14
Calculate 5 + -3 + -5 + (17 - 18).
-4
(1 - (2 - (4 + -6)) - 0) + -3
-6
What is the value of 8 - (-9 - -5 - -18)?
-6
-4 + 8 + -3 - 7 - 0
-6
Calculate -6 - (-1 + -12) - (-8 - -2).
13
Calculate (2 + 16 - 6) + -5 - (-8 - 2).
17
What is the value of (-4 - -26) + (22 - 32)?
12
Evaluate 5 + 1 + (-3 - (12 + -19 + 2)).
8
What is the value of 13 + 10 + -13 + -7?
3
(-7 - (-6 + 3)) + (9 - (0 + 1))
4
Calculate 4 + (-2 - 8 - -19 - 17) - 6.
-10
What is 1 - 5 - (-287 - -295)?
-12
What is the value of (-1 - -1) + 23 + -541 + 535?
17
What is the value of 6 - (-16 + -10 + 10) - -18?
40
What is -14 + (-8 - -16) - (-9 + 5)?
-2
30 + -22 + -33 + -2
-27
Evaluate 4 + -9 - (1 + -2) - (-210 + 218).
-12
14 + (-2 - (5 + 4))
3
What is the value of (-22 - (15 + (-15 - -11))) + 17?
-16
Calculate -4 + -6 + 12 - -7.
9
What is -13 + 5 - (-3 - -7 - 6)?
-6
Calculate -1 - (7 + -23 + 17) - 2.
-4
What is (-10 - 0) + (-1 - (-19 - -15))?
-7
What is the value of -6 + 20 + 3 + -12 - -11?
16
Evaluate 6 + (1 - (-5 + (2 - -6 - -2))).
2
Evaluate (-26 - -25 - (-3 + -6)) + (0 - 2).
6
Calculate (4 - 4 - -2 - (-1 + 1)) + -11.
-9
What is the value of 2 + -21 + (20 - 3) + 3 + -15?
-14
Evaluate 14 + -8 + -19 + 7.
-6
Calculate 7 - ((5 - 6) + 4) - 8.
-4
Evaluate 4 + -6 + -3 - -12.
7
1 + (5 + -18 + 9 - (-3 - -1))
-1
20 - 36 - (-2 - (2 + 3))
-9
Evaluate 7 - (3 - (-10 + 14) - -6).
2
Evaluate (0 - 3) + 7 - ((2 - -3) + -2).
1
9 - ((22 - -12) + -32)
7
3 + 5 + -15 + 9 + -5
-3
Calculate 17 + (0 - 12) + -3 + -26 + 3.
-21
Calculate 1 - (-21 + (7 + -1 - -2)).
14
What is the value of -1 + 15 - (179 + -165) - -19?
19
Calculate -1 + 17 + -29 + (2 - 1).
-12
What is 24 + -14 + 0 + 2 + 4?
16
(-6 + -3 - -5) + 10 + 3 + -12
-3
What is the value of -6 + (24 - 18 - 9)?
-9
5 + -12 + 5 + 14
12
Evaluate (-8 + (-2 - 0) - -7) + -18.
-21
Calculate (-6 - -4) + -1 - (-11 - -2).
6
-11 + 2 + (57 - 62)
-14
What is (13 - 10) + 8 + -16?
-5
Calculate -6 + 2 + 16 - (40 - 1).
-27
What is (-6 - ((-29 - -36) + 0 + -7)) + -16?
-22
Evaluate -1 + -10 + 36 + (22 - 56).
-9
Evaluate -4 + 2 - (4 - 0).
-6
7 + (-29 - -9 - 0 - -12)
-1
Calculate -1 + -8 + 74 + -81 + -2.
-18
What is the value of -16 - (19 - 19 - 0 - (-1 - 1))?
-18
Calculate -10 + 1 - (-16 + 5 + 5) - 7.
-10
Calculate 6 - (9 + (-7 - 2) + 10).
-4
What is the value of 6 + (10 - 11) - 33?
-28
-28 - -2 - (-87 + 43)
18
Calculate -30 + 71 + -39 + (1 - 1).
2
37 - 55 - (-33 + 4)
11
Calculate -1 + (-9 - -7 - -10).
7
What is 9 - (12 + 16 + -19 - -6)?
-6
Calculate 6 - ((1 - -2) + 21 - -18).
-36
What is 62 + -39 - (16 + 1)?
6
11 + (-3 - (3 - (-7 + 7)) - -7)
12
What is 7 + 9 + -10 + 19 + -22?
3
Evaluate (21 - (-7 + -10)) + -36.
2
Calculate 6 + 2 - (-73 - -63).
18
Calculate 7 + 3 + -3 + 1.
8
(-12 - -13) + -16 + 0 + 4
-11
What is 26 - (-26 - -23) - 15?
14
What is the value of -6 - ((8 - -8) + -14)?
-8
-37 - -65 - 38 - 23
-33
Calculate 4 - -19 - (0 + 13 - 6).
16
Evaluate (77 - (-11 - -36)) + -35.
17
What is 2 + (-1 - (18 - 4))?
-13
Evaluate -8 + -14 + 1 + -5 + 15 + -9.
-20
What is the value of 11 + 11 + -19 - (-4 + -1)?
8
Calculate 8 + -12 + 2 + -1 - (2 + -9).
4
Evaluate 24 + -54 - -22 - (0 + -19).
11
Calculate 5 + (9 - (-9 + (4 - -9))) + 6.
16
What is the value of (-40 + 17 - -14) + 15?
6
What is the value of -4 + (-9 - -9) + -13?
-17
What is the value of (6 - 3 - 1) + 0 + -41 + 47?
8
What is the value of -1 + -12 - (3 + (-13 - -14))?
-17
Evaluate -1 - (3 - (2 - (6 + 2 - 1))).
-9
0 + 1 + -5 + 2 + 7
5
5 + (-1 - (0 - 2)) - (-185 + 197)
-6
Calculate -21 + -2 + 25 - (15 - 3).
-10
What is the value of -35 + 35 + -21 - (-2 - (0 - 1))?
-20
Calculate -94 - -95 - (-1 + 0 + 0) - 13.
-11
Evaluate -17 + 21 + -6 + -5.
-7
What is 4 - 32 - (69 - 71)?
-26
Calculate (20 - (-5 + 24)) + 10 + -1.
10
Evaluate -3 + 11 + 11 + -10 - -12.
21
What is the value of -5 - 0 - (39 + -41 - (-1 + 1))?
-3
What is 14 + -8 + (27 - 34)?
-1
Evaluate (6 - (-14 + 3 + 24)) + -10.
-17
What is (16 - 7) + 37 + -55?
-9
Calculate (-76 - -91) + (8 - 0 - 2) - -5.
26
What is 12 - (-3 + 3 + 0)?
12
What is the value of 32 - (5 - (10 + -35) - 15)?
17
15 + (-29 - (-4 - 4))
-6
Evaluate 3 + -25 + 9 + -6 + 3 + -1.
-17
Evaluate -14 - 0 - (6 + (21 - 12) + -6).
-23
Calculate -9 - (-7 + -7 + 11 + -2).
-4
What is -4 - (-13 + -1 - (16 + -43))?
-17
Evaluate -1 + -15 + 21 + -20 - -10.
-5
What is the value of 15 + (155 + -147 - (8 - -1))?
14
6 - (-1 - -16) - (5 - (-7 - -11))
-10
(5 - 33) + 7 - (1 + -8) - -1
-13
What is the value of (-94 - -85) + (0 + 6 - -2)?
-1
Evaluate -20 + (-31 - -15 - -18) + 15.
-3
17 - (18 - (0 - -18))
17
Calculate 7 - (2 - -7 - 9 - -8 - 8).
7
What is (0 - 6) + (18 - 2 - 5) + -2?
3
Evaluate (-3 - (-4 + 2)) + -10 + 8 + 7.
4
Evaluate (15 - (-3 - -8 - 2)) + (-38 - -34).
8
What is the value of (3 - (-39 + 18)) + -4?
20
(19 - 2) + (-3 - -2) + -5 + 1
12
Evaluate 3 - ((-26 - -33) + 6).
-10
(-3 - -5) + -3 - (-79 + 84)
-6
-4 + -1 + -4 + -12 + 24
3
28 + 16 + -33 - 6
5
Calculate (-10 - -20) + (5 - (11 + -2 + -2)).
8
Evaluate (1 - -2) + ((-5 - 2) + -12 - -6).
-10
-5 + 7 + 2 - (3 - (0 - 2))
-1
Calculate -4 + 5 - ((-3 - -4) + -8 + 7).
1
Evaluate 1 + -4 - 2 - (-54 + 47) - 5.
-3
-527 + 531 - (-13 - (2 + -4))
15
Evaluate 3 - (8 + -15 - 7 - (1 - 6)).
12
What is the value of (1 - (-7 - -10 - -3)) + -1 + 27?
21
What is the value of (1 - 34) + 30 + (0 - -2) - 20?
-21
15 + 22 + 11 + -64
-16
What is (15 - 19 - -4) + 5?
5
What is the value of -2 + -2 + 54 + -60?
-10
Calculate (0 - -22) + -8 + -7 - 5.
2
What is -1 - (-12 - (0 + (8 - 9)))?
10
Calculate 15 + (2 - -1 - 7) + -39.
-28
9 - (-5 + -7 + 9) - 28
-16
What is (151 - 180) + 7 + 4?
-18
What is the value of 4 + -3 + 2 + 23 + (-12 - -6)?
20
-4 - (4 - ((-7 - -3) + 7))
-5
Evaluate (782 - 781) + -2 + 0.
-1
Calculate 10 + -14 + 5 + -3 - -9.
7
-65 + 35 + (5 - 1)
-26
What is the value of 7 - (3 + 6) - (0 + -1)?
-1
Evaluate -60 + 8 - -46 - (21 + -3 + 2).
-26
11 + 8 + -11 + (-13 - -1)
-4
What is 17 - 31 - (0 - 2)?
-12
16 + (7 + -7 - 17)
-1
Evaluate 17 - 1 - (-19 + 26 + -4).
13
(-174 - -199) + -25 + 2
2
What is the value of -23 + -14 + 26 + -9?
-20
What is the value of 1 - 19 - (-37 + -18 + 59)?
-22
What is the value of -9 - ((11 - 39) + 43)?
-24
1 - ((-11 - -7) + -14 + 8)
11
What is 18 + (-13 - -1) - (5 + -35)?
36
What is the value of (3 - (7 + 9 + -2) - -6) + 14?
9
What is -12 - (-12 + -33) - 18?
15
-1 + (11 - ((-8 - -23) + -7))
2
Evaluate 10 + (13 - 0) + -15.
8
What is the value of 1 + (-5 - (15 + -31))?
12
What is the value of -22 - (12 - (-1 - -15))?
-20
Calculate 14 + -3 + (-6 - -1) + 6.
12
What is the value of -23 - (3 + (8 - 27))?
-7
Evaluate 7 + -8 - (-6 + 2 - -9).
-6
Calculate 7 + 11 + -10 + -11 + 1.
-2
What is the value of (-4 - -5 - -16) + -8 + 7 + -23?
-7
Evaluate -92 + 79 + 1 + 1 + 12.
1
Evaluate -13 - (-6 + 19 - 5).
-21
What is the value of (-12 - (0 - -2)) + (119 - 117)?
-12
5 + 4 - (-70 + 65)
14
Evaluate (2 - -23) + -1 + (-5 - -1).
20
What is the value of (-264 - -244) + (0 - -10)?
-10
(-3 - -19) + 17 + -41 + -4
-12
What is 20 - (-13 + 34) - -36?
35
What is the value of -14 + 63 + -43 - 39?
-33
What is 1 - -5 - (-770 - -765)?
11
Evaluate 8 + (-3 - -9 - 5 - (5 + 0)).
4
What is -14 + -38 + 109 + -36?
21
What is the value of -10 + 33 + -14 + 1?
10
Calculate (18 + -2 - 9) + 2 + -22.
-13
(-80 - (-17 + -31)) + 46
14
What is -19 - (-15 + 16 + -12)?
-8
Calculate -27 - (-6 - (20 + 2)).
1
What is the value of -136 - -138 - ((2 - -1) + 0)?
-1
What is the value of 65 + -68 + (-6 - -1) + -2?
-10
Calculate -7 + 8 - (-4 + -2 + 2 + -1).
6
(-2 - -3) + -26 + 2 - (-2460 + 2460)
-23
What is -25 + (35 - 16) - 8?
-14
What is the value of 20 + 31 + -38 - (-3 + 1)?
15
What is -2 + (4 - 3) + -3?
-4
Evaluate 2 + (-9 + 5 + 2 + 2 - 2).
0
Calculate 5 - (0 - 2) - (302 + -297).
2
What is the value of 8 + 0 - (1 + 19) - -2?
-10
What is the value of -1 - (2 - 7 - (55 + -60) - 27)?
26
What is the value of -19 + (2 - 2) + 619 + -607?
-7
9 + 0 + 0 - (226 + -236)
19
Evaluate 3 + -21 - (-67 - -59).
-10
Evaluate -1 + 2 - 1 - (17 + 10 + -10).
-17
What is the value of 8 - (-16 + 46 + -15) - (2 + 17)?
-26
What is (-24 - -22 - (-1 + 5)) + -2?
-8
What is the value of 0 - 7 - ((76 - 62) + -12 + -1)?
-8
(-6 + 7 - (25 + -10)) + -11
-25
What is the value of -1 + 1 + -26 + 35?
9
What is the value of 1 + (1 - 0) + -1 - (108